{"id":469,"date":"2021-04-07T00:58:28","date_gmt":"2021-04-06T22:58:28","guid":{"rendered":"http:\/\/marktravel.pl\/?post_type=product&#038;p=469"},"modified":"2026-03-23T14:48:27","modified_gmt":"2026-03-23T13:48:27","slug":"zakopane-2","status":"publish","type":"product","link":"https:\/\/marktravel.pl\/index.php\/produkt\/zakopane-2\/","title":{"rendered":"ZAKOPANE"},"content":{"rendered":"<p><strong>1 dzie\u0144:<\/strong><\/p>\n<ul>\n<li>wyjazd ok. godz. 8:00<\/li>\n<li>przejazd do pensjonatu w Poroninie, zakwaterowanie<\/li>\n<li>zaj\u0119cia integracyjne w formie zabawy, kt\u00f3rych celem b\u0119dzie scalenie grupy<\/li>\n<\/ul>\n<p><strong>2 &#8211; 3 dzie\u0144:<\/strong><\/p>\n<p>W trakcie zielonej szko\u0142y planowane s\u0105 nast\u0119puj\u0105ce atrakcje:<\/p>\n<ul>\n<li>zwiedzanie Zakopanego, w programie m.in. Cmentarz na P\u0119ksowym Brzyzku, Skocznia, Krup\u00f3wki<\/li>\n<li>wyjazd kolej\u0105 linow\u0105 &#8211; terenow\u0105 na Guba\u0142\u00f3wk\u0119, spacer szlakiem JP II, zjazd kolejk\u0105 krzese\u0142kow\u0105<\/li>\n<li>prelekcja na temat bezpiecze\u0144stwa w g\u00f3rach<\/li>\n<li>piesza wycieczka do Morskiego Oka<\/li>\n<li>piesza wycieczka do Doliny Ko\u015bcieliskiej &#8211; jednej z najpi\u0119kniejszej dolin tatrza\u0144skich<\/li>\n<li>relaks w basenach termalnych<\/li>\n<li>dyskoteka<\/li>\n<li>gry i zabawy animacyjne\/integracyjne, konkursy<\/li>\n<li>ognisko z pieczeniem kie\u0142basek<\/li>\n<\/ul>\n<p><strong>4 dzie\u0144:<\/strong><\/p>\n<ul>\n<li>wykwaterowanie, realizacja programu c.d.<\/li>\n<li>powr\u00f3t do domu w godz. wieczornych<\/li>\n<\/ul>\n","protected":false},"excerpt":{"rendered":"<p><strong>Wycieczka czterodniowa<\/strong><\/p>\n<p>Przy 45 osobach p\u0142atnych 3 osoby z opieki gratis.<\/p>\n<p><strong>Cena wycieczki obejmuje:<\/strong> przejazd autokarem, nocleg i wy\u017cywienie: 3x dziennie (\u015bniadanie, obiad, kolacja\/pierwszym posi\u0142kiem jest kolacja w dniu przyjazdu, ostatnim &#8211; \u015bniadanie w dniu wyjazdu + suchy prowiant na drog\u0119 powrotn\u0105), organizacj\u0119 ogniska i dyskoteki, bilety wst\u0119pu, op\u0142aty drogowa i parkingowe, przewodnik\u00f3w, animatora zabaw, program animacyjny, ubezpieczenie NNW.<\/p>\n<p>W przypadku mniejszej liczby uczestnik\u00f3w cena mo\u017ce ulec zmianie.<\/p>\n<p>&nbsp;<\/p>\n","protected":false},"featured_media":1423,"template":"","meta":[],"class_list":["post-469","product","type-product","status-publish","has-post-thumbnail","hentry","product_cat-szkoly"],"yoast_head":"<!-- This site is optimized with the Yoast SEO plugin v16.2 - https:\/\/yoast.com\/wordpress\/plugins\/seo\/ -->\n<title>ZAKOPANE - MARK-TRAVEL<\/title>\n<meta name=\"robots\" content=\"index, follow, max-snippet:-1, max-image-preview:large, max-video-preview:-1\" \/>\n<link rel=\"canonical\" href=\"https:\/\/marktravel.pl\/index.php\/produkt\/zakopane-2\/\" \/>\n<meta property=\"og:locale\" content=\"pl_PL\" \/>\n<meta property=\"og:type\" content=\"article\" \/>\n<meta property=\"og:title\" content=\"ZAKOPANE - MARK-TRAVEL\" \/>\n<meta property=\"og:description\" content=\"Wycieczka czterodniowa  Przy 45 osobach p\u0142atnych 3 osoby z opieki gratis.  Cena wycieczki obejmuje: przejazd autokarem, nocleg i wy\u017cywienie: 3x dziennie (\u015bniadanie, obiad, kolacja\/pierwszym posi\u0142kiem jest kolacja w dniu przyjazdu, ostatnim - \u015bniadanie w dniu wyjazdu + suchy prowiant na drog\u0119 powrotn\u0105), organizacj\u0119 ogniska i dyskoteki, bilety wst\u0119pu, op\u0142aty drogowa i parkingowe, przewodnik\u00f3w, animatora zabaw, program animacyjny, ubezpieczenie NNW.  W przypadku mniejszej liczby uczestnik\u00f3w cena mo\u017ce ulec zmianie.  &nbsp;\" \/>\n<meta property=\"og:url\" content=\"https:\/\/marktravel.pl\/index.php\/produkt\/zakopane-2\/\" \/>\n<meta property=\"og:site_name\" content=\"MARK-TRAVEL\" \/>\n<meta property=\"article:publisher\" content=\"https:\/\/www.facebook.com\/Mark-Travel-272663992791851\/\" \/>\n<meta property=\"article:modified_time\" content=\"2026-03-23T13:48:27+00:00\" \/>\n<meta property=\"og:image\" content=\"https:\/\/marktravel.pl\/wp-content\/uploads\/2021\/04\/lot-nad-zakopanem.jpg\" \/>\n\t<meta property=\"og:image:width\" content=\"1200\" \/>\n\t<meta property=\"og:image:height\" content=\"775\" \/>\n<meta name=\"twitter:card\" content=\"summary_large_image\" \/>\n<meta name=\"twitter:label1\" content=\"Szacowany czas czytania\">\n\t<meta name=\"twitter:data1\" content=\"1 minuta\">\n<script type=\"application\/ld+json\" class=\"yoast-schema-graph\">{\"@context\":\"https:\/\/schema.org\",\"@graph\":[{\"@type\":\"Organization\",\"@id\":\"https:\/\/marktravel.pl\/#organization\",\"name\":\"Mark Travel\",\"url\":\"https:\/\/marktravel.pl\/\",\"sameAs\":[\"https:\/\/www.facebook.com\/Mark-Travel-272663992791851\/\"],\"logo\":{\"@type\":\"ImageObject\",\"@id\":\"https:\/\/marktravel.pl\/#logo\",\"inLanguage\":\"pl-PL\",\"url\":\"http:\/\/marktravel.pl\/wp-content\/uploads\/2021\/04\/logo.jpg\",\"contentUrl\":\"http:\/\/marktravel.pl\/wp-content\/uploads\/2021\/04\/logo.jpg\",\"width\":274,\"height\":121,\"caption\":\"Mark Travel\"},\"image\":{\"@id\":\"https:\/\/marktravel.pl\/#logo\"}},{\"@type\":\"WebSite\",\"@id\":\"https:\/\/marktravel.pl\/#website\",\"url\":\"https:\/\/marktravel.pl\/\",\"name\":\"MARK-TRAVEL\",\"description\":\"Organizacja wycieczek szkolnych i indywidualnych\",\"publisher\":{\"@id\":\"https:\/\/marktravel.pl\/#organization\"},\"potentialAction\":[{\"@type\":\"SearchAction\",\"target\":\"https:\/\/marktravel.pl\/?s={search_term_string}\",\"query-input\":\"required name=search_term_string\"}],\"inLanguage\":\"pl-PL\"},{\"@type\":\"ImageObject\",\"@id\":\"https:\/\/marktravel.pl\/index.php\/produkt\/zakopane-2\/#primaryimage\",\"inLanguage\":\"pl-PL\",\"url\":\"https:\/\/marktravel.pl\/wp-content\/uploads\/2021\/04\/lot-nad-zakopanem.jpg\",\"contentUrl\":\"https:\/\/marktravel.pl\/wp-content\/uploads\/2021\/04\/lot-nad-zakopanem.jpg\",\"width\":1200,\"height\":775},{\"@type\":\"WebPage\",\"@id\":\"https:\/\/marktravel.pl\/index.php\/produkt\/zakopane-2\/#webpage\",\"url\":\"https:\/\/marktravel.pl\/index.php\/produkt\/zakopane-2\/\",\"name\":\"ZAKOPANE - MARK-TRAVEL\",\"isPartOf\":{\"@id\":\"https:\/\/marktravel.pl\/#website\"},\"primaryImageOfPage\":{\"@id\":\"https:\/\/marktravel.pl\/index.php\/produkt\/zakopane-2\/#primaryimage\"},\"datePublished\":\"2021-04-06T22:58:28+00:00\",\"dateModified\":\"2026-03-23T13:48:27+00:00\",\"breadcrumb\":{\"@id\":\"https:\/\/marktravel.pl\/index.php\/produkt\/zakopane-2\/#breadcrumb\"},\"inLanguage\":\"pl-PL\",\"potentialAction\":[{\"@type\":\"ReadAction\",\"target\":[\"https:\/\/marktravel.pl\/index.php\/produkt\/zakopane-2\/\"]}]},{\"@type\":\"BreadcrumbList\",\"@id\":\"https:\/\/marktravel.pl\/index.php\/produkt\/zakopane-2\/#breadcrumb\",\"itemListElement\":[{\"@type\":\"ListItem\",\"position\":1,\"item\":{\"@type\":\"WebPage\",\"@id\":\"https:\/\/marktravel.pl\/\",\"url\":\"https:\/\/marktravel.pl\/\",\"name\":\"Strona g\\u0142\\u00f3wna\"}},{\"@type\":\"ListItem\",\"position\":2,\"item\":{\"@type\":\"WebPage\",\"@id\":\"https:\/\/marktravel.pl\/index.php\/sklep\/\",\"url\":\"https:\/\/marktravel.pl\/index.php\/sklep\/\",\"name\":\"Sklep\"}},{\"@type\":\"ListItem\",\"position\":3,\"item\":{\"@id\":\"https:\/\/marktravel.pl\/index.php\/produkt\/zakopane-2\/#webpage\"}}]}]}<\/script>\n<!-- \/ Yoast SEO plugin. -->","_links":{"self":[{"href":"https:\/\/marktravel.pl\/index.php\/wp-json\/wp\/v2\/product\/469","targetHints":{"allow":["GET"]}}],"collection":[{"href":"https:\/\/marktravel.pl\/index.php\/wp-json\/wp\/v2\/product"}],"about":[{"href":"https:\/\/marktravel.pl\/index.php\/wp-json\/wp\/v2\/types\/product"}],"wp:featuredmedia":[{"embeddable":true,"href":"https:\/\/marktravel.pl\/index.php\/wp-json\/wp\/v2\/media\/1423"}],"wp:attachment":[{"href":"https:\/\/marktravel.pl\/index.php\/wp-json\/wp\/v2\/media?parent=469"}],"curies":[{"name":"wp","href":"https:\/\/api.w.org\/{rel}","templated":true}]}}