{"id":405,"date":"2021-04-07T00:58:03","date_gmt":"2021-04-06T22:58:03","guid":{"rendered":"http:\/\/marktravel.pl\/?post_type=product&#038;p=405"},"modified":"2021-12-14T15:26:46","modified_gmt":"2021-12-14T14:26:46","slug":"em-karta-bilet-wieloprzejazdowy","status":"publish","type":"product","link":"https:\/\/marktravel.pl\/index.php\/produkt\/em-karta-bilet-wieloprzejazdowy\/","title":{"rendered":"EM-Karta &#8211; Bilet wieloprzejazdowy"},"content":{"rendered":"","protected":false},"excerpt":{"rendered":"<p>Bilet wieloprzejazdowy umo\u017cliwiaj\u0105cy podr\u00f3\u017cowanie wykupion\u0105 ilo\u015b\u0107 razy na wybranej linii. Uwaga! Bilet musi zosta\u0107 wykorzystany do ko\u0144ca roku kalendarzowego.<\/p>\n<p><strong>Bilet wieloprzejazdowy mo\u017cna zakupi\u0107 i wy\u0142\u0105cznie u kierowcy.<\/strong><\/p>\n","protected":false},"featured_media":431,"template":"","meta":[],"class_list":["post-405","product","type-product","status-publish","has-post-thumbnail","hentry","product_cat-wieloprzejazdowe"],"yoast_head":"<!-- This site is optimized with the Yoast SEO plugin v16.2 - https:\/\/yoast.com\/wordpress\/plugins\/seo\/ -->\n<title>EM-Karta - Bilet wieloprzejazdowy - MARK-TRAVEL<\/title>\n<meta name=\"robots\" content=\"index, follow, max-snippet:-1, max-image-preview:large, max-video-preview:-1\" \/>\n<link rel=\"canonical\" href=\"https:\/\/marktravel.pl\/index.php\/produkt\/em-karta-bilet-wieloprzejazdowy\/\" \/>\n<meta property=\"og:locale\" content=\"pl_PL\" \/>\n<meta property=\"og:type\" content=\"article\" \/>\n<meta property=\"og:title\" content=\"EM-Karta - Bilet wieloprzejazdowy - MARK-TRAVEL\" \/>\n<meta property=\"og:description\" content=\"Bilet wieloprzejazdowy umo\u017cliwiaj\u0105cy podr\u00f3\u017cowanie wykupion\u0105 ilo\u015b\u0107 razy na wybranej linii. Uwaga! Bilet musi zosta\u0107 wykorzystany do ko\u0144ca roku kalendarzowego.  Bilet wieloprzejazdowy mo\u017cna zakupi\u0107 i wy\u0142\u0105cznie u kierowcy.\" \/>\n<meta property=\"og:url\" content=\"https:\/\/marktravel.pl\/index.php\/produkt\/em-karta-bilet-wieloprzejazdowy\/\" \/>\n<meta property=\"og:site_name\" content=\"MARK-TRAVEL\" \/>\n<meta property=\"article:publisher\" content=\"https:\/\/www.facebook.com\/Mark-Travel-272663992791851\/\" \/>\n<meta property=\"article:modified_time\" content=\"2021-12-14T14:26:46+00:00\" \/>\n<meta property=\"og:image\" content=\"https:\/\/marktravel.pl\/wp-content\/uploads\/2021\/04\/karta-1.png\" \/>\n\t<meta property=\"og:image:width\" content=\"658\" \/>\n\t<meta property=\"og:image:height\" content=\"482\" \/>\n<meta name=\"twitter:card\" content=\"summary_large_image\" \/>\n<script type=\"application\/ld+json\" class=\"yoast-schema-graph\">{\"@context\":\"https:\/\/schema.org\",\"@graph\":[{\"@type\":\"Organization\",\"@id\":\"https:\/\/marktravel.pl\/#organization\",\"name\":\"Mark Travel\",\"url\":\"https:\/\/marktravel.pl\/\",\"sameAs\":[\"https:\/\/www.facebook.com\/Mark-Travel-272663992791851\/\"],\"logo\":{\"@type\":\"ImageObject\",\"@id\":\"https:\/\/marktravel.pl\/#logo\",\"inLanguage\":\"pl-PL\",\"url\":\"http:\/\/marktravel.pl\/wp-content\/uploads\/2021\/04\/logo.jpg\",\"contentUrl\":\"http:\/\/marktravel.pl\/wp-content\/uploads\/2021\/04\/logo.jpg\",\"width\":274,\"height\":121,\"caption\":\"Mark Travel\"},\"image\":{\"@id\":\"https:\/\/marktravel.pl\/#logo\"}},{\"@type\":\"WebSite\",\"@id\":\"https:\/\/marktravel.pl\/#website\",\"url\":\"https:\/\/marktravel.pl\/\",\"name\":\"MARK-TRAVEL\",\"description\":\"Organizacja wycieczek szkolnych i indywidualnych\",\"publisher\":{\"@id\":\"https:\/\/marktravel.pl\/#organization\"},\"potentialAction\":[{\"@type\":\"SearchAction\",\"target\":\"https:\/\/marktravel.pl\/?s={search_term_string}\",\"query-input\":\"required name=search_term_string\"}],\"inLanguage\":\"pl-PL\"},{\"@type\":\"ImageObject\",\"@id\":\"https:\/\/marktravel.pl\/index.php\/produkt\/em-karta-bilet-wieloprzejazdowy\/#primaryimage\",\"inLanguage\":\"pl-PL\",\"url\":\"https:\/\/marktravel.pl\/wp-content\/uploads\/2021\/04\/karta-1.png\",\"contentUrl\":\"https:\/\/marktravel.pl\/wp-content\/uploads\/2021\/04\/karta-1.png\",\"width\":658,\"height\":482},{\"@type\":\"WebPage\",\"@id\":\"https:\/\/marktravel.pl\/index.php\/produkt\/em-karta-bilet-wieloprzejazdowy\/#webpage\",\"url\":\"https:\/\/marktravel.pl\/index.php\/produkt\/em-karta-bilet-wieloprzejazdowy\/\",\"name\":\"EM-Karta - Bilet wieloprzejazdowy - MARK-TRAVEL\",\"isPartOf\":{\"@id\":\"https:\/\/marktravel.pl\/#website\"},\"primaryImageOfPage\":{\"@id\":\"https:\/\/marktravel.pl\/index.php\/produkt\/em-karta-bilet-wieloprzejazdowy\/#primaryimage\"},\"datePublished\":\"2021-04-06T22:58:03+00:00\",\"dateModified\":\"2021-12-14T14:26:46+00:00\",\"breadcrumb\":{\"@id\":\"https:\/\/marktravel.pl\/index.php\/produkt\/em-karta-bilet-wieloprzejazdowy\/#breadcrumb\"},\"inLanguage\":\"pl-PL\",\"potentialAction\":[{\"@type\":\"ReadAction\",\"target\":[\"https:\/\/marktravel.pl\/index.php\/produkt\/em-karta-bilet-wieloprzejazdowy\/\"]}]},{\"@type\":\"BreadcrumbList\",\"@id\":\"https:\/\/marktravel.pl\/index.php\/produkt\/em-karta-bilet-wieloprzejazdowy\/#breadcrumb\",\"itemListElement\":[{\"@type\":\"ListItem\",\"position\":1,\"item\":{\"@type\":\"WebPage\",\"@id\":\"https:\/\/marktravel.pl\/\",\"url\":\"https:\/\/marktravel.pl\/\",\"name\":\"Strona g\\u0142\\u00f3wna\"}},{\"@type\":\"ListItem\",\"position\":2,\"item\":{\"@type\":\"WebPage\",\"@id\":\"https:\/\/marktravel.pl\/index.php\/sklep\/\",\"url\":\"https:\/\/marktravel.pl\/index.php\/sklep\/\",\"name\":\"Sklep\"}},{\"@type\":\"ListItem\",\"position\":3,\"item\":{\"@id\":\"https:\/\/marktravel.pl\/index.php\/produkt\/em-karta-bilet-wieloprzejazdowy\/#webpage\"}}]}]}<\/script>\n<!-- \/ Yoast SEO plugin. -->","_links":{"self":[{"href":"https:\/\/marktravel.pl\/index.php\/wp-json\/wp\/v2\/product\/405","targetHints":{"allow":["GET"]}}],"collection":[{"href":"https:\/\/marktravel.pl\/index.php\/wp-json\/wp\/v2\/product"}],"about":[{"href":"https:\/\/marktravel.pl\/index.php\/wp-json\/wp\/v2\/types\/product"}],"wp:featuredmedia":[{"embeddable":true,"href":"https:\/\/marktravel.pl\/index.php\/wp-json\/wp\/v2\/media\/431"}],"wp:attachment":[{"href":"https:\/\/marktravel.pl\/index.php\/wp-json\/wp\/v2\/media?parent=405"}],"curies":[{"name":"wp","href":"https:\/\/api.w.org\/{rel}","templated":true}]}}